number?
False
Is 513509 a prime number?
True
Is 185773 a prime number?
False
Is 18229 prime?
True
Is 111743 composite?
True
Is 75913 a prime number?
True
Is 14165 a prime number?
False
Is 913799 prime?
True
Is 1860247 prime?
False
Is 77905 prime?
False
Is 4663 prime?
True
Is 184033 composite?
True
Is 115179 a composite number?
True
Is 561919 composite?
True
Is 379549 a prime number?
True
Is 7795 a composite number?
True
Is 1637 a composite number?
False
Is 192529 a prime number?
True
Is 5374 composite?
True
Is 9781 prime?
True
Is 128461 a composite number?
False
Is 356693 a prime number?
True
Is 6297 a prime number?
False
Is 334679 composite?
True
Is 417589 a prime number?
False
Is 32873 prime?
False
Is 117545 a prime number?
False
Is 18301 composite?
False
Is 32059 a prime number?
True
Is 1339243 a composite number?
True
Is 173429 a composite number?
False
Is 1340527 composite?
False
Is 115359 a composite number?
True
Is 41549 prime?
True
Is 67439 a composite number?
True
Is 859 composite?
False
Is 26954 prime?
False
Is 25111 a composite number?
False
Is 1019801 a composite number?
False
Is 178589 a composite number?
True
Is 185 a composite number?
True
Is 285191 prime?
True
Is 239119 a composite number?
False
Is 260747 composite?
False
Is 74006 a composite number?
True
Is 26281 prime?
False
Is 142053 prime?
False
Is 471 a composite number?
True
Is 15053 a prime number?
True
Is 46589 a prime number?
True
Is 1249 a composite number?
False
Is 3306851 a composite number?
False
Is 22299 composite?
True
Is 2987 composite?
True
Is 8039 a prime number?
True
Is 75629 prime?
True
Is 629 prime?
False
Is 16567 a composite number?
False
Is 241207 a prime number?
True
Is 29357 composite?
True
Is 27667 prime?
False
Is 1257 a prime number?
False
Is 1865 a composite number?
True
Is 4831 a composite number?
False
Is 27155 a composite number?
True
Is 157513 composite?
False
Is 74353 a composite number?
False
Is 24889 a composite number?
False
Is 944213 a prime number?
False
Is 20789 composite?
False
Is 446506 composite?
True
Is 120977 a composite number?
False
Is 11207 a prime number?
False
Is 99079 a prime number?
True
Is 25433 a composite number?
True
Is 28387 prime?
True
Is 3967 a composite number?
False
Is 71371 composite?
True
Is 38667 prime?
False
Is 50417 composite?
False
Is 11003 composite?
False
Is 2148301 a prime number?
True
Is 1221562 composite?
True
Is 512165 prime?
False
Is 1508033 prime?
True
Is 1715617 a composite number?
False
Is 113189 prime?
True
Is 3691 composite?
False
Is 1874869 prime?
True
Is 24869 composite?
True
Is 167953 a composite number?
False
Is 402719 a prime number?
False
Is 117661 a composite number?
True
Is 71249 composite?
False
Is 902119 prime?
True
Is 316493 composite?
False
Is 214759 a prime number?
True
Is 11069 composite?
False
Is 50747 a prime number?
False
Is 2736131 a prime number?
True
Is 231017 prime?
True
Is 30547 a composite number?
True
Is 131627 a prime number?
True
Is 928453 composite?
False
Is 84657 a composite number?
True
Is 919 composite?
False
Is 508709 prime?
True
Is 50839 prime?
True
Is 5779 a prime number?
True
Is 1094861 a composite number?
True
Is 635279 a prime number?
True
Is 14138 a prime number?
False
Is 404155 composite?
True
Is 1908499 a composite number?
False
Is 609779 a composite number?
False
Is 534697 a composite number?
False
Is 5449 composite?
False
Is 890843 a composite number?
False
Is 17033 composite?
False
Is 6599 prime?
True
Is 1042451 a composite number?
False
Is 98491 composite?
False
Is 867617 composite?
False
Is 2741 prime?
True
Is 3593 a composite number?
False
Is 10839 a prime number?
False
Is 53 a prime number?
True
Is 20849 a composite number?
False
Is 4867 composite?
True
Is 24509 composite?
False
Is 803141 composite?
False
Is 22205 composite?
True
Is 6467 prime?
False
Is 1746701 composite?
True
Is 121585 composite?
True
Is 9029 composite?
False
Is 53033 prime?
False
Is 16127 prime?
True
Is 15053 a prime number?
True
Is 577453 composite?
False
Is 7463 composite?
True
Is 174599 prime?
True
Is 32909 a composite number?
False
Is 2309 a prime number?
True
Is 202427 a prime number?
False
Is 292661 prime?
True
Is 708887 composite?
True
Is 1187 prime?
True
Is 736877 composite?
True
Is 13163 composite?
False
Is 10579 composite?
True
Is 28162 prime?
False
Is 56461 a composite number?
True
Is 385613 a composite number?
True
Is 284963 a prime number?
False
Is 129419 a composite number?
False
Is 15217 a prime number?
True
Is 201901 a composite number?
True
Is 158731 a prime number?
True
Is 2224009 a prime number?
True
Is 82529 prime?
True
Is 11087 prime?
True
Is 511 composite?
True
Is 171487 a composite number?
True
Is 71909 a prime number?
True
Is 252839 a composite number?
True
Is 5669 prime?
True
Is 1693 a composite number?
False
Is 7867 a prime number?
True
Is 1195277 a composite number?
False
Is 180151 a prime number?
False
Is 30439 a prime number?
False
Is 30211 prime?
True
Is 1369 a composite number?
True
Is 266719 composite?
False
Is 2461 a composite number?
True
Is 566031 prime?
False
Is 16253 a composite number?
False
Is 92135 prime?
False
Is 20563 prime?
True
Is 4699 composite?
True
Is 963299 a composite number?
False
Is 1541 a prime number?
False
Is 4119 composite?
True
Is 32167 a prime number?
False
Is 11197 a prime number?
True
Is 29663 composite?
False
Is 387227 a prime number?
True
Is 60589 prime?
True
Is 582623 prime?
True
Is 110699 a composite number?
True
Is 202799 prime?
True
Is 113653 prime?
False
Is 89329 a composite number?
False
Is 2951 composite?
True
Is 29461 a prime number?
False
Is 503 composite?
False
Is 759553 a composite number?
False
Is 12781 a composite number?
False
Is 987143 composite?
False
Is 73591 prime?
False
Is 20849 composite?
False
Is 126611 prime?
True
Is 37435 prime?
False
Is 1610467 prime?
True
Is 2153 composite?
False
Is 11443 a composite number?
False
Is 5471 prime?
True
Is 145573 a composite number?
True
Is 42593 a prime number?
False
Is 573371 a prime number?
True
Is 152459 composite?
False
Is 71387 a prime number?
True
Is 109273 composite?
True
Is 74791 a prime number?
False
Is 5921 a composite number?
True
Is 2657 composite?
False
Is 379147 a composite number?
False
Is 50678 composite?
True
Is 193493 composite?
False
Is 141529 a composite number?
False
Is 14095 a composite number?
True
Is 484337 composite?
True
Is 3755 composite?
True
Is 1614147 a composite number?
True
Is 5381 composite?
False
Is 787 a prime number?
True
Is 114593 a composite number?
False
Is 3607 a prime number?
True
Is 46843 composite?
True
Is 39787 a composite number?
True
Is 91489 prime?
False
Is 2733253 a composite number?
False
Is 1359903 a composite number?
True
Is 29731 composite?
True
Is 61069 a prime number?
False
Is 7121 a prime number?
True
Is 1143965 a composite number?
True
Is 471583 a prime number?
False
Is 291253 prime?
True
Is 23957 composite?
False
Is 4327 a composite number?
False
Is 66217 a composite number?
True
Is 32719 a composite number?
False
Is 25871 a prime number?
False
Is 12149 composite?
False
Is 16787 a composite number?
False
Is 30547 a composite number?
True
Is 798299 composite?
True
Is 370057 composite?
False
Is 90793 a prime number?
True
Is 5471 prime?
True
Is 26045 a composite number?
True
Is 4889 composite?
False
Is 7646443 prime?
False
Is 615697 prime?
False
Is 537331 a composite number?
False
Is 7177 a composite number?
False
Is 570913 composite?
True
Is 25939 composite?
False
Is 49853 a prime number?
True
Is 79958 prime?
False
Is 3873277 composite?
True
Is 881497 a prime number?
False
Is 52499 prime?
False
Is 585689 composite?
True
Is 3576949 prime?
False
Is 27253 a composite number?
False
Is 103471 a prime number?
True
Is 2392697 composite?
False
Is 8147 a composite number?
False
Is 20759 prime?
True
Is 9661 composite?
False
Is 11665 a composite number?
True
Is 466673 composite?
False
Is 384161 a prime number?
False
Is 124211 composite?
True
Is 56591 composite?
False
Is 37261 prime?
False
Is 433798 prime?
False
Is 16127 a prime number?
True
Is 5513 prime?
False
Is 819751 a prime number?
False
Is 44686 composite?
True
Is 4853 composite?
True
Is 105583 a prime number?
False
Is 1439 prime?
True
Is 26321 composite?
False
Is 113